e thousands digit of (-33850)/(-8)*-5*48/(-60)?
6
Let x = 39286 + -21638. What is the units digit of x?
8
Let w be 31420 - (-8)/(-6)*33/(-11). Suppose -31*j + w = 2005. What is the hundreds digit of j?
9
Let l(v) = -7*v**2 - 17*v + 56. Let j be l(-9). Suppose 3*c - 1068 = 5*g, 3*c = -0*c - 12. Let r = g - j. What is the hundreds digit of r?
1
Let j = 14 + -12. Suppose -4*r + 3 = -3*c, 4*c - 18 = -0*c - j*r. Suppose 0 = c*y - 5*b - 352, 3*b = -6*y + 2*y + 508. What is the tens digit of y?
2
Suppose f + f + 257998 = 7*a, 0 = 5*a - f - 184283. What is the units digit of a?
6
Let m = -1106 + 418. Let g = -396 - m. What is the units digit of g?
2
Suppose -5*d = 0, -2*u + 4*d - 2*d = 2*u - 15748. What is the thousands digit of u?
3
Suppose 0 = -2*b + 39 - 31, 2*b - 18 = -5*x. Suppose 220 = x*z + 20*z. What is the tens digit of z?
1
Let o be (10*2/4)/1. Suppose 0 = -5*f - k + 259, -9*f = -4*f - o*k - 265. What is the tens digit of f?
5
Suppose -41864 = -4*p - 1730*t + 1728*t, 2*t = 4*p - 41832. What is the hundreds digit of p?
4
Suppose 185*a - 5619325 = 5520635. What is the hundreds digit of a?
2
Let k = -23 + 17. Let o be (0/(-1)*(-3)/k)/(-1). Suppose o = 35*u - 31*u - 184. What is the tens digit of u?
4
Suppose 12*o - 7*o + 175 = 0. Let n = 39 + o. What is the units digit of -1 - (n + -7 + 0)?
2
Suppose -5*b = 2*j - 6*j + 8, 3*b = 4*j. What is the units digit of 36 + ((-6)/9)/(b/(-18))?
3
Let r be (-1)/(2/(-11 - -3)). Suppose -4*l + 56 = r*h, -h - 2*l - l + 18 = 0. Suppose h*c - 4*c - 648 = 0. What is the tens digit of c?
8
Let j = 1534 - 655. Let o = -439 + j. What is the hundreds digit of o?
4
Let p = 27 - 18. Let c(x) = -2839*x**3 + 2*x**2 - 5*x - 6. Let s be c(-1). Suppose 986 - s = -p*m. What is the tens digit of m?
0
Let k(t) = 120*t - 117. Suppose -5*c + 15 + 5 = 5*h, 0 = -5*c - 4*h + 23. What is the units digit of k(c)?
3
Let f be (0 + ((-312)/6 - 4))/2. Suppose -4*n - 992 = -4*k, 0 = 5*n + k - 3*k + 1252. What is the tens digit of (2*2)/(f/n)?
3
Let w(u) = -u**2 + 196*u - 25. What is the hundreds digit of w(40)?
2
What is the ten thousands digit of ((185346/12)/(-7))/((-31)/14 + 2)?
1
Let y = 4051 + -2045. Let x = y + -1180. What is the units digit of x?
6
Let r(j) = j**3 - 32*j**2 - 76*j + 194. What is the tens digit of r(40)?
5
What is the tens digit of (-68668)/((2/(-3))/(16/48))?
3
Let d = 11984 + -6925. What is the units digit of d?
9
Suppose 46*f + 160 = 42*f. What is the units digit of 144/((-4)/f*5)?
8
Let p(a) = 37*a - 16. Let j(l) = 74*l - 34. Let r(c) = -4*j(c) + 9*p(c). What is the tens digit of r(4)?
4
Let b = 318 + -249. Suppose -b*f = -70*f + 364. What is the units digit of f?
4
Let q(r) = 2 + 3 - 368*r + 362*r + r**2. Let i be q(5). Suppose -9*v + 8*v + 141 = i. What is the tens digit of v?
4
Let n(q) = -2193*q - 586. What is the tens digit of n(-27)?
2
Let f(u) = 1742*u + 6660. What is the hundreds digit of f(11)?
8
Let c be (4 - 30/(-4)) + (-1)/(-2). Let v be 6*4/c + -12. What is the units digit of (4 + (-48)/10)/(1/v)?
8
Let n = -150 + 149. What is the hundreds digit of n/(-4) - (-7 - (-12600)/(-32))?
4
Let d(v) be the first derivative of 326*v**3/3 - v**2/2 - 11*v - 230. What is the thousands digit of d(-2)?
1
Suppose 4*o - 4*g + 1968 = -0*o, 4*o - 5*g + 1966 = 0. Let v = -199 - o. What is the hundreds digit of v?
2
Let i(z) = 6*z**3 - 5*z**2 + 44*z + 6. What is the hundreds digit of i(18)?
1
Let v be 1/(-7) + 5 + 1242/21. Suppose 5*p - 361 = 159. Suppose -v = -2*o + p. What is the tens digit of o?
8
Let c be 3/6*18/3. Let k be ((-5)/(c - 8))/(2/4). Suppose -2*v = -3*q + 169, 0*q + 4*q - 244 = -k*v. What is the tens digit of q?
5
Let n(y) = -5*y**2 - 20*y - 6. Let z be n(-4). Let t(s) = 22*s. Let i be t(6). What is the units digit of (4/(-1))/(z/i)?
8
Let m(w) = -15437*w - 956. What is the hundreds digit of m(-6)?
6
Let n = -521 - -965. Let r be ((-18)/5)/((-6)/15). Suppose -3*v - n = -r*v. What is the units digit of v?
4
Let p(c) = -c**2 + 23*c - 136. Let o be p(12). Let q(i) = 6*i + 7. Let m(z) = 17*z + 20. Let b(u) = -4*m(u) + 11*q(u). What is the units digit of b(o)?
5
Suppose -3*x = -5*a + 5, -2*a = 3*x - 4*x - 1. Let m = -55 + 25. What is the units digit of a/(-6) - 1910/m?
4
Suppose -3*w - 3*g = -2192 - 1294, -3*g = -2*w + 2339. Suppose -5*y + 4*l = -w, 2*y = -y + 4*l + 707. Suppose 0 = 5*d - 191 - y. What is the tens digit of d?
8
Suppose -23*y + 59*y - 39*y + 7737 = 0. What is the hundreds digit of y?
5
What is the hundreds digit of 127/(-6*(-2)/48) - (1 + 2)?
5
Suppose 0 = s - 5*x - 41389, -56*x - 41410 = -s - 54*x. What is the ten thousands digit of s?
4
Let k(y) be the third derivative of y**5/20 + 11*y**4/12 + y**3/3 - 9*y**2. What is the hundreds digit of k(16)?
1
What is the thousands digit of 11247 + (81/9 - 22)?
1
Let s = -202 + -158. Let b = s - -504. What is the units digit of b/8*6/4?
7
Let d = -1738 - -3275. Suppose -3*v - 358 = -d. What is the tens digit of v?
9
Suppose 3*y - 621 = 2*b, 0*y - 2*y = -5*b - 425. Let v = 304 - y. Let j = 23 + v. What is the units digit of j?
2
Let y be 1164/(-9) + -3 + (-6)/9. Let q = 43 + y. What is the tens digit of 1 - (q - (6 + -4))?
9
Suppose 0 = 5*a + v - 66843, -a - 3*v - 40113 = -4*a. What is the hundreds digit of a?
3
Let p be 8 - 11 - (-5101 - 2)/3. Suppose -p*z + 1699*z = 1427. What is the hundreds digit of z?
4
Let q = 821 - 364. Suppose -2388 = -5*u + q. What is the units digit of u?
9
Let f(z) = 107*z**3 - z**2 + 4*z - 6. Let h be f(2). Suppose -5*v - 2*w = -697 - 155, 5*v + 4*w = h. What is the tens digit of v?
7
Let x = -122 - -417. Let a = x - -140. What is the hundreds digit of a?
4
Let s(a) = -a**3 - 6*a**2 - 2*a - 9. Suppose 18 = -40*k + 37*k. Let o be s(k). What is the tens digit of -2*o*(-256)/48?
3
Let k be 5/(-2)*(-2304)/160. Suppose 50*r = k*r + 11704. What is the tens digit of r?
3
Suppose -t = b - 37, 188 = 3*t + 2*t + 2*b. Suppose 4*f - 6 = -t. Let m(s) = -s**3 - 7*s**2 - 10*s - 20. What is the tens digit of m(f)?
2
Let x = -190 - -125. Let k = 193 + x. What is the units digit of k?
8
Suppose -4*r = 2*o - 64822, 5*r - 131962 + 34726 = -3*o. What is the ten thousands digit of o?
3
Let t = -9161 + 44437. What is the tens digit of t?
7
Let z(y) = -2*y**2 - 8*y + 12. Let x be z(3). Let f = x + 30. Suppose f = -2*l + 128 + 80. What is the hundreds digit of l?
1
Let u(p) = -6*p + 58. Let v be u(0). Suppose 0 = -3*l + 3*g + 2118, -v*g + 57*g - 2122 = -3*l. What is the units digit of l?
8
Let z = 17847 - 895. What is the units digit of z?
2
Let t(f) = -27346*f - 14. Let k be t(1). What is the tens digit of (6/4)/(10/k*-12)?
4
Let m be (-4)/6 + (0 - (-112)/6). Suppose -3*f = -0*f - 57. Let j = f - m. What is the units digit of j?
1
Let p = 43984 - 25627. What is the ten thousands digit of p?
1
Suppose 0 = -3*s + 22 - 7. Suppose -2*d - 2*k + 5*k = -18, -2*d = -s*k - 26. What is the tens digit of d + (-6)/8 + (-2586)/(-24)?
1
Let n(f) = 6*f**3 + 18*f**2 - 19*f. Let l(q) = -4*q**3 - 12*q**2 + 13*q. Let b(i) = 8*l(i) + 5*n(i). Let z = 1927 - 1933. What is the units digit of b(z)?
2
Suppose -11071 = -2*k + 5*b, -3*b = -3*k + 7650 + 8952. What is the hundreds digit of k?
5
Suppose -a = -4*k + 45643, 5*k - 2*a - 57054 = -a. What is the units digit of k?
1
Suppose -5*v = -2*z - 25, z - 19 = -2*v - 0*z. Suppose -r - 4*q + 3 = v, -r = 5*q + 5. Suppose n - 18 - 70 = r. What is the units digit of n?
8
Suppose 26015 = 12*z - 55825. What is the units digit of z?
0
Suppose -13*r + 38 = -1. Suppose -r*b - 3*n + 18 = 0, -15 = -5*b + 2*n + 22. Suppose -181 = -b*q + 925. What is the hundreds digit of q?
1
Suppose 0 = 5*f - 167 - 453. Suppose -15*z + 10*z + 5*l = -20, -2*z = 2*l + 8. Suppose -5*d + 0*v + 5*v + 540 = z, d = 5*v + f. What is the hundreds digit of d?
1
Suppose -u + 39*u = 275614. What is the units digit of u?
3
Suppose -2838170 + 243670 = -50*j. What is the units digit of j?
0
Let x = -1974 + 4002. What is the hundreds digit of x?
0
Suppose -7*j + 2 + 33 = 0. Suppose -j*o + 135 = -3*x - 502, -5 = -5*x. What is the tens digit of (-40)/o*-236 - 1/(-4)?
7
Let j = 550 - 105. Suppose 4*s - 143 = -2*v + j, v = 3*s - 451. What is the tens digit of s?
4
Let h be (-10)/(-3)*2265/10. Let z = -531 + h. What is the units digit of z?
4
Let a be (-4 + 3)*1/(3/(-2